{"id":15569,"date":"2023-07-27T17:37:40","date_gmt":"2023-07-27T15:37:40","guid":{"rendered":"https:\/\/celineduong.com\/?page_id=15569"},"modified":"2024-11-01T14:44:11","modified_gmt":"2024-11-01T13:44:11","slug":"carnet","status":"publish","type":"page","link":"https:\/\/celineduong.com\/index.php\/carnet\/","title":{"rendered":"Le Caire en avril"},"content":{"rendered":"\n<p>D\u00e9but avril 2023. Nous sommes hors-saison, les touristes ne sont pas encore l\u00e0 et mis \u00e0 part les klaxons continus, la ville me para\u00eet \u00e9trangement calme, comme au ralenti. Dans le quartier islamique de Khan El Khalili, l&rsquo;un des plus pauvres de la ville, des banderolles color\u00e9es flottent au-dessus de nos t\u00eates. C&rsquo;est alors que je me rappelle&#8230; le mois du Ramadan vient de commencer.<\/p>\n\n\n<div id='gallery-1' class='gallery galleryid-15569 gallery-columns-2 gallery-size-large'><figure class='gallery-item'>\n\t\t\t<div class='gallery-icon landscape'>\n\t\t\t\t<a href='https:\/\/celineduong.com\/wp-content\/uploads\/2023\/07\/Cairo_004-scaled.jpg'><img width=\"1024\" height=\"683\" src=\"https:\/\/celineduong.com\/wp-content\/uploads\/2023\/07\/Cairo_004-1024x683.jpg\" class=\"attachment-large size-large\" alt=\"\" decoding=\"async\" loading=\"lazy\" srcset=\"https:\/\/celineduong.com\/wp-content\/uploads\/2023\/07\/Cairo_004-1024x683.jpg 1024w, https:\/\/celineduong.com\/wp-content\/uploads\/2023\/07\/Cairo_004-300x200.jpg 300w, https:\/\/celineduong.com\/wp-content\/uploads\/2023\/07\/Cairo_004-768x512.jpg 768w, https:\/\/celineduong.com\/wp-content\/uploads\/2023\/07\/Cairo_004-1536x1024.jpg 1536w, https:\/\/celineduong.com\/wp-content\/uploads\/2023\/07\/Cairo_004-2048x1365.jpg 2048w, https:\/\/celineduong.com\/wp-content\/uploads\/2023\/07\/Cairo_004-720x480.jpg 720w, https:\/\/celineduong.com\/wp-content\/uploads\/2023\/07\/Cairo_004-272x182.jpg 272w\" sizes=\"(max-width: 1024px) 100vw, 1024px\" \/><\/a>\n\t\t\t<\/div><\/figure><figure class='gallery-item'>\n\t\t\t<div class='gallery-icon landscape'>\n\t\t\t\t<a href='https:\/\/celineduong.com\/wp-content\/uploads\/2023\/07\/Cairo_020-scaled.jpg'><img width=\"1024\" height=\"683\" src=\"https:\/\/celineduong.com\/wp-content\/uploads\/2023\/07\/Cairo_020-1024x683.jpg\" class=\"attachment-large size-large\" alt=\"\" decoding=\"async\" loading=\"lazy\" srcset=\"https:\/\/celineduong.com\/wp-content\/uploads\/2023\/07\/Cairo_020-1024x683.jpg 1024w, https:\/\/celineduong.com\/wp-content\/uploads\/2023\/07\/Cairo_020-300x200.jpg 300w, https:\/\/celineduong.com\/wp-content\/uploads\/2023\/07\/Cairo_020-768x512.jpg 768w, https:\/\/celineduong.com\/wp-content\/uploads\/2023\/07\/Cairo_020-1536x1024.jpg 1536w, https:\/\/celineduong.com\/wp-content\/uploads\/2023\/07\/Cairo_020-2048x1365.jpg 2048w, https:\/\/celineduong.com\/wp-content\/uploads\/2023\/07\/Cairo_020-720x480.jpg 720w, https:\/\/celineduong.com\/wp-content\/uploads\/2023\/07\/Cairo_020-272x182.jpg 272w\" sizes=\"(max-width: 1024px) 100vw, 1024px\" \/><\/a>\n\t\t\t<\/div><\/figure><figure class='gallery-item'>\n\t\t\t<div class='gallery-icon landscape'>\n\t\t\t\t<a href='https:\/\/celineduong.com\/wp-content\/uploads\/2023\/08\/20230329-20230329-DSCF6048-scaled.jpg'><img width=\"1024\" height=\"683\" src=\"https:\/\/celineduong.com\/wp-content\/uploads\/2023\/08\/20230329-20230329-DSCF6048-1024x683.jpg\" class=\"attachment-large size-large\" alt=\"\" decoding=\"async\" loading=\"lazy\" srcset=\"https:\/\/celineduong.com\/wp-content\/uploads\/2023\/08\/20230329-20230329-DSCF6048-1024x683.jpg 1024w, https:\/\/celineduong.com\/wp-content\/uploads\/2023\/08\/20230329-20230329-DSCF6048-300x200.jpg 300w, https:\/\/celineduong.com\/wp-content\/uploads\/2023\/08\/20230329-20230329-DSCF6048-768x512.jpg 768w, https:\/\/celineduong.com\/wp-content\/uploads\/2023\/08\/20230329-20230329-DSCF6048-1536x1024.jpg 1536w, https:\/\/celineduong.com\/wp-content\/uploads\/2023\/08\/20230329-20230329-DSCF6048-2048x1365.jpg 2048w, https:\/\/celineduong.com\/wp-content\/uploads\/2023\/08\/20230329-20230329-DSCF6048-720x480.jpg 720w, https:\/\/celineduong.com\/wp-content\/uploads\/2023\/08\/20230329-20230329-DSCF6048-272x182.jpg 272w\" sizes=\"(max-width: 1024px) 100vw, 1024px\" \/><\/a>\n\t\t\t<\/div><\/figure><figure class='gallery-item'>\n\t\t\t<div class='gallery-icon landscape'>\n\t\t\t\t<a href='https:\/\/celineduong.com\/wp-content\/uploads\/2023\/07\/Cairo_034-3-scaled.jpg'><img width=\"1024\" height=\"683\" src=\"https:\/\/celineduong.com\/wp-content\/uploads\/2023\/07\/Cairo_034-3-1024x683.jpg\" class=\"attachment-large size-large\" alt=\"\" decoding=\"async\" loading=\"lazy\" srcset=\"https:\/\/celineduong.com\/wp-content\/uploads\/2023\/07\/Cairo_034-3-1024x683.jpg 1024w, https:\/\/celineduong.com\/wp-content\/uploads\/2023\/07\/Cairo_034-3-300x200.jpg 300w, https:\/\/celineduong.com\/wp-content\/uploads\/2023\/07\/Cairo_034-3-768x512.jpg 768w, https:\/\/celineduong.com\/wp-content\/uploads\/2023\/07\/Cairo_034-3-1536x1024.jpg 1536w, https:\/\/celineduong.com\/wp-content\/uploads\/2023\/07\/Cairo_034-3-2048x1365.jpg 2048w, https:\/\/celineduong.com\/wp-content\/uploads\/2023\/07\/Cairo_034-3-720x480.jpg 720w, https:\/\/celineduong.com\/wp-content\/uploads\/2023\/07\/Cairo_034-3-272x182.jpg 272w\" sizes=\"(max-width: 1024px) 100vw, 1024px\" \/><\/a>\n\t\t\t<\/div><\/figure><figure class='gallery-item'>\n\t\t\t<div class='gallery-icon portrait'>\n\t\t\t\t<a href='https:\/\/celineduong.com\/wp-content\/uploads\/2023\/08\/20230331-HL_CDUONG_CAIR020230331_0005-scaled.jpg'><img width=\"683\" height=\"1024\" src=\"https:\/\/celineduong.com\/wp-content\/uploads\/2023\/08\/20230331-HL_CDUONG_CAIR020230331_0005-683x1024.jpg\" class=\"attachment-large size-large\" alt=\"\" decoding=\"async\" loading=\"lazy\" srcset=\"https:\/\/celineduong.com\/wp-content\/uploads\/2023\/08\/20230331-HL_CDUONG_CAIR020230331_0005-683x1024.jpg 683w, https:\/\/celineduong.com\/wp-content\/uploads\/2023\/08\/20230331-HL_CDUONG_CAIR020230331_0005-200x300.jpg 200w, https:\/\/celineduong.com\/wp-content\/uploads\/2023\/08\/20230331-HL_CDUONG_CAIR020230331_0005-768x1152.jpg 768w, https:\/\/celineduong.com\/wp-content\/uploads\/2023\/08\/20230331-HL_CDUONG_CAIR020230331_0005-1024x1536.jpg 1024w, https:\/\/celineduong.com\/wp-content\/uploads\/2023\/08\/20230331-HL_CDUONG_CAIR020230331_0005-1365x2048.jpg 1365w, https:\/\/celineduong.com\/wp-content\/uploads\/2023\/08\/20230331-HL_CDUONG_CAIR020230331_0005-scaled.jpg 1707w\" sizes=\"(max-width: 683px) 100vw, 683px\" \/><\/a>\n\t\t\t<\/div><\/figure><figure class='gallery-item'>\n\t\t\t<div class='gallery-icon portrait'>\n\t\t\t\t<a href='https:\/\/celineduong.com\/wp-content\/uploads\/2023\/08\/Cairo_017-2-scaled.jpg'><img width=\"683\" height=\"1024\" src=\"https:\/\/celineduong.com\/wp-content\/uploads\/2023\/08\/Cairo_017-2-683x1024.jpg\" class=\"attachment-large size-large\" alt=\"\" decoding=\"async\" loading=\"lazy\" srcset=\"https:\/\/celineduong.com\/wp-content\/uploads\/2023\/08\/Cairo_017-2-683x1024.jpg 683w, https:\/\/celineduong.com\/wp-content\/uploads\/2023\/08\/Cairo_017-2-200x300.jpg 200w, https:\/\/celineduong.com\/wp-content\/uploads\/2023\/08\/Cairo_017-2-768x1152.jpg 768w, https:\/\/celineduong.com\/wp-content\/uploads\/2023\/08\/Cairo_017-2-1024x1536.jpg 1024w, https:\/\/celineduong.com\/wp-content\/uploads\/2023\/08\/Cairo_017-2-1365x2048.jpg 1365w, https:\/\/celineduong.com\/wp-content\/uploads\/2023\/08\/Cairo_017-2-scaled.jpg 1707w\" sizes=\"(max-width: 683px) 100vw, 683px\" \/><\/a>\n\t\t\t<\/div><\/figure><figure class='gallery-item'>\n\t\t\t<div class='gallery-icon portrait'>\n\t\t\t\t<a href='https:\/\/celineduong.com\/wp-content\/uploads\/2023\/08\/20230331-20230331-DSCF6951-1-scaled.jpg'><img width=\"683\" height=\"1024\" src=\"https:\/\/celineduong.com\/wp-content\/uploads\/2023\/08\/20230331-20230331-DSCF6951-1-683x1024.jpg\" class=\"attachment-large size-large\" alt=\"\" decoding=\"async\" loading=\"lazy\" srcset=\"https:\/\/celineduong.com\/wp-content\/uploads\/2023\/08\/20230331-20230331-DSCF6951-1-683x1024.jpg 683w, https:\/\/celineduong.com\/wp-content\/uploads\/2023\/08\/20230331-20230331-DSCF6951-1-200x300.jpg 200w, https:\/\/celineduong.com\/wp-content\/uploads\/2023\/08\/20230331-20230331-DSCF6951-1-768x1152.jpg 768w, https:\/\/celineduong.com\/wp-content\/uploads\/2023\/08\/20230331-20230331-DSCF6951-1-1024x1536.jpg 1024w, https:\/\/celineduong.com\/wp-content\/uploads\/2023\/08\/20230331-20230331-DSCF6951-1-1365x2048.jpg 1365w, https:\/\/celineduong.com\/wp-content\/uploads\/2023\/08\/20230331-20230331-DSCF6951-1-scaled.jpg 1707w\" sizes=\"(max-width: 683px) 100vw, 683px\" \/><\/a>\n\t\t\t<\/div><\/figure><figure class='gallery-item'>\n\t\t\t<div class='gallery-icon portrait'>\n\t\t\t\t<a href='https:\/\/celineduong.com\/wp-content\/uploads\/2023\/08\/20230331-HL_CDUONG_CAIR0_RAMADAN20230331_0024-scaled.jpg'><img width=\"683\" height=\"1024\" src=\"https:\/\/celineduong.com\/wp-content\/uploads\/2023\/08\/20230331-HL_CDUONG_CAIR0_RAMADAN20230331_0024-683x1024.jpg\" class=\"attachment-large size-large\" alt=\"\" decoding=\"async\" loading=\"lazy\" srcset=\"https:\/\/celineduong.com\/wp-content\/uploads\/2023\/08\/20230331-HL_CDUONG_CAIR0_RAMADAN20230331_0024-683x1024.jpg 683w, https:\/\/celineduong.com\/wp-content\/uploads\/2023\/08\/20230331-HL_CDUONG_CAIR0_RAMADAN20230331_0024-200x300.jpg 200w, https:\/\/celineduong.com\/wp-content\/uploads\/2023\/08\/20230331-HL_CDUONG_CAIR0_RAMADAN20230331_0024-768x1152.jpg 768w, https:\/\/celineduong.com\/wp-content\/uploads\/2023\/08\/20230331-HL_CDUONG_CAIR0_RAMADAN20230331_0024-1024x1536.jpg 1024w, https:\/\/celineduong.com\/wp-content\/uploads\/2023\/08\/20230331-HL_CDUONG_CAIR0_RAMADAN20230331_0024-1365x2048.jpg 1365w, https:\/\/celineduong.com\/wp-content\/uploads\/2023\/08\/20230331-HL_CDUONG_CAIR0_RAMADAN20230331_0024-scaled.jpg 1707w\" sizes=\"(max-width: 683px) 100vw, 683px\" \/><\/a>\n\t\t\t<\/div><\/figure><figure class='gallery-item'>\n\t\t\t<div class='gallery-icon landscape'>\n\t\t\t\t<a href='https:\/\/celineduong.com\/wp-content\/uploads\/2023\/07\/Cairo_023-scaled.jpg'><img width=\"1024\" height=\"683\" src=\"https:\/\/celineduong.com\/wp-content\/uploads\/2023\/07\/Cairo_023-1024x683.jpg\" class=\"attachment-large size-large\" alt=\"\" decoding=\"async\" loading=\"lazy\" srcset=\"https:\/\/celineduong.com\/wp-content\/uploads\/2023\/07\/Cairo_023-1024x683.jpg 1024w, https:\/\/celineduong.com\/wp-content\/uploads\/2023\/07\/Cairo_023-300x200.jpg 300w, https:\/\/celineduong.com\/wp-content\/uploads\/2023\/07\/Cairo_023-768x512.jpg 768w, https:\/\/celineduong.com\/wp-content\/uploads\/2023\/07\/Cairo_023-1536x1024.jpg 1536w, https:\/\/celineduong.com\/wp-content\/uploads\/2023\/07\/Cairo_023-2048x1365.jpg 2048w, https:\/\/celineduong.com\/wp-content\/uploads\/2023\/07\/Cairo_023-720x480.jpg 720w, https:\/\/celineduong.com\/wp-content\/uploads\/2023\/07\/Cairo_023-272x182.jpg 272w\" sizes=\"(max-width: 1024px) 100vw, 1024px\" \/><\/a>\n\t\t\t<\/div><\/figure><figure class='gallery-item'>\n\t\t\t<div class='gallery-icon landscape'>\n\t\t\t\t<a href='https:\/\/celineduong.com\/wp-content\/uploads\/2023\/07\/Cairo_029-scaled.jpg'><img width=\"1024\" height=\"683\" src=\"https:\/\/celineduong.com\/wp-content\/uploads\/2023\/07\/Cairo_029-1024x683.jpg\" class=\"attachment-large size-large\" alt=\"\" decoding=\"async\" loading=\"lazy\" srcset=\"https:\/\/celineduong.com\/wp-content\/uploads\/2023\/07\/Cairo_029-1024x683.jpg 1024w, https:\/\/celineduong.com\/wp-content\/uploads\/2023\/07\/Cairo_029-300x200.jpg 300w, https:\/\/celineduong.com\/wp-content\/uploads\/2023\/07\/Cairo_029-768x512.jpg 768w, https:\/\/celineduong.com\/wp-content\/uploads\/2023\/07\/Cairo_029-1536x1024.jpg 1536w, https:\/\/celineduong.com\/wp-content\/uploads\/2023\/07\/Cairo_029-2048x1365.jpg 2048w, https:\/\/celineduong.com\/wp-content\/uploads\/2023\/07\/Cairo_029-720x480.jpg 720w, https:\/\/celineduong.com\/wp-content\/uploads\/2023\/07\/Cairo_029-272x182.jpg 272w\" sizes=\"(max-width: 1024px) 100vw, 1024px\" \/><\/a>\n\t\t\t<\/div><\/figure><figure class='gallery-item'>\n\t\t\t<div class='gallery-icon landscape'>\n\t\t\t\t<a href='https:\/\/celineduong.com\/wp-content\/uploads\/2023\/07\/20230329-20230329-DSCF5899-scaled.jpg'><img width=\"1024\" height=\"683\" src=\"https:\/\/celineduong.com\/wp-content\/uploads\/2023\/07\/20230329-20230329-DSCF5899-1024x683.jpg\" class=\"attachment-large size-large\" alt=\"\" decoding=\"async\" loading=\"lazy\" srcset=\"https:\/\/celineduong.com\/wp-content\/uploads\/2023\/07\/20230329-20230329-DSCF5899-1024x683.jpg 1024w, https:\/\/celineduong.com\/wp-content\/uploads\/2023\/07\/20230329-20230329-DSCF5899-300x200.jpg 300w, https:\/\/celineduong.com\/wp-content\/uploads\/2023\/07\/20230329-20230329-DSCF5899-768x512.jpg 768w, https:\/\/celineduong.com\/wp-content\/uploads\/2023\/07\/20230329-20230329-DSCF5899-1536x1024.jpg 1536w, https:\/\/celineduong.com\/wp-content\/uploads\/2023\/07\/20230329-20230329-DSCF5899-2048x1365.jpg 2048w, https:\/\/celineduong.com\/wp-content\/uploads\/2023\/07\/20230329-20230329-DSCF5899-720x480.jpg 720w, https:\/\/celineduong.com\/wp-content\/uploads\/2023\/07\/20230329-20230329-DSCF5899-272x182.jpg 272w\" sizes=\"(max-width: 1024px) 100vw, 1024px\" \/><\/a>\n\t\t\t<\/div><\/figure><figure class='gallery-item'>\n\t\t\t<div class='gallery-icon landscape'>\n\t\t\t\t<a href='https:\/\/celineduong.com\/wp-content\/uploads\/2023\/07\/Cairo_032-scaled.jpg'><img width=\"1024\" height=\"683\" src=\"https:\/\/celineduong.com\/wp-content\/uploads\/2023\/07\/Cairo_032-1024x683.jpg\" class=\"attachment-large size-large\" alt=\"\" decoding=\"async\" loading=\"lazy\" srcset=\"https:\/\/celineduong.com\/wp-content\/uploads\/2023\/07\/Cairo_032-1024x683.jpg 1024w, https:\/\/celineduong.com\/wp-content\/uploads\/2023\/07\/Cairo_032-300x200.jpg 300w, https:\/\/celineduong.com\/wp-content\/uploads\/2023\/07\/Cairo_032-768x512.jpg 768w, https:\/\/celineduong.com\/wp-content\/uploads\/2023\/07\/Cairo_032-1536x1024.jpg 1536w, https:\/\/celineduong.com\/wp-content\/uploads\/2023\/07\/Cairo_032-2048x1365.jpg 2048w, https:\/\/celineduong.com\/wp-content\/uploads\/2023\/07\/Cairo_032-720x480.jpg 720w, https:\/\/celineduong.com\/wp-content\/uploads\/2023\/07\/Cairo_032-272x182.jpg 272w\" sizes=\"(max-width: 1024px) 100vw, 1024px\" \/><\/a>\n\t\t\t<\/div><\/figure><figure class='gallery-item'>\n\t\t\t<div class='gallery-icon landscape'>\n\t\t\t\t<a href='https:\/\/celineduong.com\/wp-content\/uploads\/2023\/07\/Cairo_006-scaled.jpg'><img width=\"1024\" height=\"683\" src=\"https:\/\/celineduong.com\/wp-content\/uploads\/2023\/07\/Cairo_006-1024x683.jpg\" class=\"attachment-large size-large\" alt=\"\" decoding=\"async\" loading=\"lazy\" srcset=\"https:\/\/celineduong.com\/wp-content\/uploads\/2023\/07\/Cairo_006-1024x683.jpg 1024w, https:\/\/celineduong.com\/wp-content\/uploads\/2023\/07\/Cairo_006-300x200.jpg 300w, https:\/\/celineduong.com\/wp-content\/uploads\/2023\/07\/Cairo_006-768x512.jpg 768w, https:\/\/celineduong.com\/wp-content\/uploads\/2023\/07\/Cairo_006-1536x1024.jpg 1536w, https:\/\/celineduong.com\/wp-content\/uploads\/2023\/07\/Cairo_006-2048x1365.jpg 2048w, https:\/\/celineduong.com\/wp-content\/uploads\/2023\/07\/Cairo_006-720x480.jpg 720w, https:\/\/celineduong.com\/wp-content\/uploads\/2023\/07\/Cairo_006-272x182.jpg 272w\" sizes=\"(max-width: 1024px) 100vw, 1024px\" \/><\/a>\n\t\t\t<\/div><\/figure><figure class='gallery-item'>\n\t\t\t<div class='gallery-icon landscape'>\n\t\t\t\t<a href='https:\/\/celineduong.com\/wp-content\/uploads\/2023\/08\/20230331-20230331-20230331-DSCF6719-2-scaled.jpg'><img width=\"1024\" height=\"683\" src=\"https:\/\/celineduong.com\/wp-content\/uploads\/2023\/08\/20230331-20230331-20230331-DSCF6719-2-1024x683.jpg\" class=\"attachment-large size-large\" alt=\"\" decoding=\"async\" loading=\"lazy\" srcset=\"https:\/\/celineduong.com\/wp-content\/uploads\/2023\/08\/20230331-20230331-20230331-DSCF6719-2-1024x683.jpg 1024w, https:\/\/celineduong.com\/wp-content\/uploads\/2023\/08\/20230331-20230331-20230331-DSCF6719-2-300x200.jpg 300w, https:\/\/celineduong.com\/wp-content\/uploads\/2023\/08\/20230331-20230331-20230331-DSCF6719-2-768x512.jpg 768w, https:\/\/celineduong.com\/wp-content\/uploads\/2023\/08\/20230331-20230331-20230331-DSCF6719-2-1536x1024.jpg 1536w, https:\/\/celineduong.com\/wp-content\/uploads\/2023\/08\/20230331-20230331-20230331-DSCF6719-2-2048x1365.jpg 2048w, https:\/\/celineduong.com\/wp-content\/uploads\/2023\/08\/20230331-20230331-20230331-DSCF6719-2-720x480.jpg 720w, https:\/\/celineduong.com\/wp-content\/uploads\/2023\/08\/20230331-20230331-20230331-DSCF6719-2-272x182.jpg 272w\" sizes=\"(max-width: 1024px) 100vw, 1024px\" \/><\/a>\n\t\t\t<\/div><\/figure><figure class='gallery-item'>\n\t\t\t<div class='gallery-icon landscape'>\n\t\t\t\t<a href='https:\/\/celineduong.com\/wp-content\/uploads\/2023\/08\/20230331-20230331-DSCF7041-scaled.jpg'><img width=\"1024\" height=\"683\" src=\"https:\/\/celineduong.com\/wp-content\/uploads\/2023\/08\/20230331-20230331-DSCF7041-1024x683.jpg\" class=\"attachment-large size-large\" alt=\"\" decoding=\"async\" loading=\"lazy\" srcset=\"https:\/\/celineduong.com\/wp-content\/uploads\/2023\/08\/20230331-20230331-DSCF7041-1024x683.jpg 1024w, https:\/\/celineduong.com\/wp-content\/uploads\/2023\/08\/20230331-20230331-DSCF7041-300x200.jpg 300w, https:\/\/celineduong.com\/wp-content\/uploads\/2023\/08\/20230331-20230331-DSCF7041-768x512.jpg 768w, https:\/\/celineduong.com\/wp-content\/uploads\/2023\/08\/20230331-20230331-DSCF7041-1536x1024.jpg 1536w, https:\/\/celineduong.com\/wp-content\/uploads\/2023\/08\/20230331-20230331-DSCF7041-2048x1365.jpg 2048w, https:\/\/celineduong.com\/wp-content\/uploads\/2023\/08\/20230331-20230331-DSCF7041-720x480.jpg 720w, https:\/\/celineduong.com\/wp-content\/uploads\/2023\/08\/20230331-20230331-DSCF7041-272x182.jpg 272w\" sizes=\"(max-width: 1024px) 100vw, 1024px\" \/><\/a>\n\t\t\t<\/div><\/figure><figure class='gallery-item'>\n\t\t\t<div class='gallery-icon landscape'>\n\t\t\t\t<a href='https:\/\/celineduong.com\/wp-content\/uploads\/2023\/08\/20230328-Cairo_005-2-scaled.jpg'><img width=\"1024\" height=\"683\" src=\"https:\/\/celineduong.com\/wp-content\/uploads\/2023\/08\/20230328-Cairo_005-2-1024x683.jpg\" class=\"attachment-large size-large\" alt=\"\" decoding=\"async\" loading=\"lazy\" srcset=\"https:\/\/celineduong.com\/wp-content\/uploads\/2023\/08\/20230328-Cairo_005-2-1024x683.jpg 1024w, https:\/\/celineduong.com\/wp-content\/uploads\/2023\/08\/20230328-Cairo_005-2-300x200.jpg 300w, https:\/\/celineduong.com\/wp-content\/uploads\/2023\/08\/20230328-Cairo_005-2-768x512.jpg 768w, https:\/\/celineduong.com\/wp-content\/uploads\/2023\/08\/20230328-Cairo_005-2-1536x1024.jpg 1536w, https:\/\/celineduong.com\/wp-content\/uploads\/2023\/08\/20230328-Cairo_005-2-2048x1365.jpg 2048w, https:\/\/celineduong.com\/wp-content\/uploads\/2023\/08\/20230328-Cairo_005-2-720x480.jpg 720w, https:\/\/celineduong.com\/wp-content\/uploads\/2023\/08\/20230328-Cairo_005-2-272x182.jpg 272w\" sizes=\"(max-width: 1024px) 100vw, 1024px\" \/><\/a>\n\t\t\t<\/div><\/figure>\n\t\t<\/div>\n","protected":false},"excerpt":{"rendered":"<p>D\u00e9but avril 2023. Nous sommes hors-saison, les touristes ne sont pas encore l\u00e0 et mis \u00e0 part les klaxons continus, la ville me para\u00eet \u00e9trangement calme, comme au ralenti. Dans le quartier islamique de Khan El Khalili, l&rsquo;un des plus pauvres de la ville, des banderolles color\u00e9es flottent au-dessus de nos t\u00eates. C&rsquo;est alors que [&hellip;]<\/p>\n","protected":false},"author":1,"featured_media":0,"parent":0,"menu_order":0,"comment_status":"closed","ping_status":"closed","template":"","meta":{"ngg_post_thumbnail":0},"_links":{"self":[{"href":"https:\/\/celineduong.com\/index.php\/wp-json\/wp\/v2\/pages\/15569"}],"collection":[{"href":"https:\/\/celineduong.com\/index.php\/wp-json\/wp\/v2\/pages"}],"about":[{"href":"https:\/\/celineduong.com\/index.php\/wp-json\/wp\/v2\/types\/page"}],"author":[{"embeddable":true,"href":"https:\/\/celineduong.com\/index.php\/wp-json\/wp\/v2\/users\/1"}],"replies":[{"embeddable":true,"href":"https:\/\/celineduong.com\/index.php\/wp-json\/wp\/v2\/comments?post=15569"}],"version-history":[{"count":122,"href":"https:\/\/celineduong.com\/index.php\/wp-json\/wp\/v2\/pages\/15569\/revisions"}],"predecessor-version":[{"id":16004,"href":"https:\/\/celineduong.com\/index.php\/wp-json\/wp\/v2\/pages\/15569\/revisions\/16004"}],"wp:attachment":[{"href":"https:\/\/celineduong.com\/index.php\/wp-json\/wp\/v2\/media?parent=15569"}],"curies":[{"name":"wp","href":"https:\/\/api.w.org\/{rel}","templated":true}]}}